{"id":1674,"date":"2023-07-07T14:38:52","date_gmt":"2023-07-07T12:38:52","guid":{"rendered":"https:\/\/www.divers2023.ch\/hindernisse\/"},"modified":"2023-08-03T17:32:31","modified_gmt":"2023-08-03T15:32:31","slug":"hindernisse","status":"publish","type":"page","link":"https:\/\/www.divers2023.ch\/de-e-l\/hindernisse\/","title":{"rendered":"Hindernisse"},"content":{"rendered":"\n<div class=\"dt_header-block alignfull\" style=\"background-color: #ce94f7; color: #FFFFFF;\">\n  <h2 class=\"dt_header-block__title\">Wir und die Umwelt\n<\/h2>\n\n  <div class=\"dt_header-block__content\">\n    <p>Je nach Lebenslage, Alter, Behinderung etc. h\u00e4lt das Leben andere H\u00fcrden und Herausforderungen f\u00fcr uns bereit.<\/p>\n  <\/div>\n<\/div>\n\n\n<div class=\"wp-block-columns is-layout-flex wp-container-core-columns-is-layout-28f84493 wp-block-columns-is-layout-flex\">\n<div class=\"wp-block-column is-layout-flow wp-block-column-is-layout-flow\">\n<h2 class=\"wp-block-heading\" id=\"teilhabe\">Teilhabe<\/h2>\n\n\n\n<div class=\"wp-block-columns is-layout-flex wp-container-core-columns-is-layout-28f84493 wp-block-columns-is-layout-flex\">\n<div class=\"wp-block-column is-layout-flow wp-block-column-is-layout-flow\">\n<p>Machen Sie sich Ihre vier herausragendsten F\u00e4higkeiten bewusst oder notieren Sie diese. <\/p>\n\n\n\n<p>Was passiert, wenn Sie die drei wichtigsten davon verlieren? Wie gestaltet sich dann Ihr Leben?<\/p>\n<\/div>\n\n\n\n<div class=\"wp-block-column is-layout-flow wp-block-column-is-layout-flow\">\n<p><\/p>\n<\/div>\n<\/div>\n\n\n\n<p> <\/p>\n\n\n\n<div class=\"wp-block-columns is-layout-flex wp-container-core-columns-is-layout-28f84493 wp-block-columns-is-layout-flex\">\n<div class=\"wp-block-column is-layout-flow wp-block-column-is-layout-flow\" style=\"flex-basis:33.33%\">\n<h2 class=\"wp-block-heading\" id=\"behinderung\">Behinderung<\/h2>\n<\/div>\n\n\n\n<div class=\"wp-block-column is-layout-flow wp-block-column-is-layout-flow\" style=\"flex-basis:66.66%\">\n<p>Behinderung hat viele Aspekte. Sie ist ein Zusammenspiel von individuellen Eigenschaften und der Umwelt. Je nachdem, wie die Umwelt gestaltet ist, ergeben sich andere Einschr\u00e4nkungen. <\/p>\n\n\n\n<p>Ein kaputter Lift ist ein Problem f\u00fcr einen Menschen mit  Gehhilfe oder Rollstuhl. Ein l\u00e4rmiger Eingangsbereich kann Autist:innen an einem Museumsbesuch hindern.<\/p>\n\n\n\n<p>Dieses Verst\u00e4ndnis von Behinderung orientiert sich am sozialen Modell. Es beschreibt Behinderung als Ergebnis einer Interaktion.<\/p>\n<\/div>\n<\/div>\n\n\n\n<div class=\"wp-block-columns is-layout-flex wp-container-core-columns-is-layout-28f84493 wp-block-columns-is-layout-flex\">\n<div class=\"wp-block-column is-layout-flow wp-block-column-is-layout-flow\" style=\"flex-basis:66.66%\">\n<blockquote class=\"wp-block-quote has-text-align-center is-style-default has-white-color has-text-color has-background is-layout-flow wp-block-quote-is-layout-flow\" style=\"background-color:#cc3030\">\n<p class=\"has-text-align-center has-white-color has-text-color has-background\" style=\"background-color:#cc3030;margin-top:0;margin-right:0;margin-bottom:0;margin-left:0;font-size:26px\"><em>\u00abZu den Menschen mit Behinderungen z\u00e4hlen Menschen, die langfristige k\u00f6rperliche, seelische, geistige oder Sinnesbeeintr\u00e4chtigungen haben, welche sie in Wechselwirkung mit verschiedenen Barrieren an der vollen, wirksamen und gleichberechtigten Teilhabe an der Gesellschaft hindern k\u00f6nnen\u00bb<\/em>.<\/p>\n<cite>UNO Behindertenrechtskonvention, Artikel 1<\/cite><\/blockquote>\n<\/div>\n\n\n\n<div class=\"wp-block-column is-layout-flow wp-block-column-is-layout-flow\" style=\"flex-basis:33.33%\">\n<p><\/p>\n\n\n\n<p>Die UNO Behindertenrechtskonvention tritt im Mai 2008 in Kraft. Sie will alle&nbsp;Menschenrechte f\u00fcr Menschen mit Behinderung gew\u00e4hrleisten.<\/p>\n\n\n\n<p>Zudem will die Konvention Menschen mit Behinderung die aktive Teilhabe am \u00f6ffentlichen, wirtschaftlichen und sozialen Leben erm\u00f6glichen. Die Schweiz tritt dem internationalen Vertrag erst 2014 bei.<\/p>\n<\/div>\n<\/div>\n<\/div>\n<\/div>\n\n\n\n<h2 class=\"wp-block-heading\" id=\"huerden-abbauen\">H\u00fcrden abbauen<\/h2>\n\n\n\n<div class=\"wp-block-columns is-layout-flex wp-container-core-columns-is-layout-28f84493 wp-block-columns-is-layout-flex\">\n<div class=\"wp-block-column is-layout-flow wp-block-column-is-layout-flow\">\n<p>Will eine Gesellschaft Vielfalt leben, m\u00fcssen alle teilnehmen k\u00f6nnen. Dieses Ziel verfolgt die Barrierefreiheit. <\/p>\n\n\n\n<p>Hindernisse k\u00f6nnen k\u00f6rperlicher, kultureller, psychischer oder intellektueller Natur sein. M\u00f6glichst viele dieser Hindernisse sollen aus dem Weg ger\u00e4umt werden. <\/p>\n\n\n\n<p>Im Kontext einer Kultur-Institution bedeutet dies: keine Schwellen, einfache Sprache, vorlesbare Websites, pr\u00e4zise Informationen und vieles mehr. <\/p>\n<\/div>\n\n\n\n<div class=\"wp-block-column is-layout-flow wp-block-column-is-layout-flow\">\n<p>Das Kunstmuseum Luzern versucht in verschiedenen Bereichen, Barrieren abzubauen. Es stellt beispielsweise diese Seite in leichter Sprache zur Verf\u00fcgung. Weitere Schritte f\u00fcr ein hindernisfreies Kunsterlebnis sind geplant.<\/p>\n<\/div>\n<\/div>\n\n\n\n<div style=\"height:100px\" aria-hidden=\"true\" class=\"wp-block-spacer\"><\/div>\n\n\n\n<div class=\"wp-block-columns is-layout-flex wp-container-core-columns-is-layout-28f84493 wp-block-columns-is-layout-flex\">\n<div class=\"wp-block-column is-layout-flow wp-block-column-is-layout-flow\" style=\"flex-basis:66.66%\">\n<h2 class=\"wp-block-heading\" id=\"alter\">Alter<\/h2>\n\n\n\n<p>Das Alter kann in der Interaktion mit der Umwelt \u00e4hnliche Schwierigkeiten verursachen wie Behinderungen. Denn im Alter ergeben sich oft k\u00f6rperliche oder psychsiche Einschr\u00e4nkungen. <\/p>\n<\/div>\n\n\n\n<div class=\"wp-block-column is-layout-flow wp-block-column-is-layout-flow\" style=\"flex-basis:33.33%\"><\/div>\n<\/div>\n\n\n\n<div class=\"wp-block-columns is-layout-flex wp-container-core-columns-is-layout-28f84493 wp-block-columns-is-layout-flex\">\n<div class=\"wp-block-column is-layout-flow wp-block-column-is-layout-flow\" style=\"flex-basis:16.5%\"><\/div>\n\n\n\n<div class=\"wp-block-column is-layout-flow wp-block-column-is-layout-flow\" style=\"flex-basis:66%\">\n<h2 class=\"wp-block-heading\" id=\"ab-wann-ist-man-alt\">Ab wann ist man alt?<\/h2>\n\n\n\n<p>Alter ist relativ: Wann man alt ist und ob man sich alt f\u00fchlt, h\u00e4ngt von der Tagesform, vom Charakter und dem tats\u00e4chlichen Alter ab. Allgemein wird das Alter oft mit dem Eintritt in die Pension in Verbindung gebracht. <\/p>\n\n\n\n<p>Ob alt oder jung \u2013 das Alter eines Menschen kann ein Ausschlusskriterium sein, z.B. bei der Stellenbewerbung oder bei einer Party.<\/p>\n<\/div>\n\n\n\n<div class=\"wp-block-column is-layout-flow wp-block-column-is-layout-flow\" style=\"flex-basis:16.5%\"><\/div>\n<\/div>\n\n\n\n<div class=\"wp-block-columns is-layout-flex wp-container-core-columns-is-layout-28f84493 wp-block-columns-is-layout-flex\">\n<div class=\"wp-block-column is-layout-flow wp-block-column-is-layout-flow\">\n<h2 class=\"wp-block-heading\" id=\"babyboomer-millenials-generation-z\">Babyboomer, Millenials, Generation Z<\/h2>\n<\/div>\n<\/div>\n\n\n\n<div class=\"wp-block-columns is-layout-flex wp-container-core-columns-is-layout-28f84493 wp-block-columns-is-layout-flex\">\n<div class=\"wp-block-column is-layout-flow wp-block-column-is-layout-flow\">\n<p>Pers\u00f6nliche, kulturelle und gesellschaftliche Erlebnisse verbinden die Menschen einer Generation. <\/p>\n\n\n\n<p>Jede Generation hat mit unterschiedlichen Herausforderungen zu k\u00e4mpfen. <\/p>\n\n\n\n<ul class=\"wp-block-list\">\n<li>Von Generation Z (geboren 1997\u20132010) wird behauptet, dass sie nicht arbeiten wolle.<\/li>\n\n\n\n<li>Die Babyboomer (geboren 1945\u20131964) m\u00fcssen mit Einschr\u00e4nkungen wegen des Alters rechnen. <\/li>\n<\/ul>\n<\/div>\n\n\n\n<div class=\"wp-block-column is-layout-flow wp-block-column-is-layout-flow\">\n<p>Die gesellschaftlichen Umst\u00e4nde, die Wirtschaft und das Weltgeschehen pr\u00e4gen eine Generation. Wo die eine Generation in eine scheinbar sichere Zukunft blickte, und mit Wirtschaftswachstum aufgewachsen ist, sind nachfolgende Generationen mit Klimawandel, Covid-Pandemie und Krieg mit vielf\u00e4ltigen Krisen konfrontiert.<\/p>\n<\/div>\n<\/div>\n\n\n\n<div class=\"wp-block-columns alignfull is-layout-flex wp-container-core-columns-is-layout-28f84493 wp-block-columns-is-layout-flex\">\n<div class=\"wp-block-column is-layout-flow wp-block-column-is-layout-flow\">\n<blockquote class=\"wp-block-quote has-text-align-center is-style-plain has-white-color has-text-color has-background has-large-font-size is-layout-flow wp-block-quote-is-layout-flow\" style=\"background-color:#ffac54\">\n<p class=\"has-white-color has-text-color\">\u00abWenn ich mein Leben noch einmal leben k\u00f6nnte, w\u00fcrde ich die gleichen Fehler machen. Aber ein bisschen fr\u00fcher, damit ich mehr davon habe.\u00bb<\/p>\n<cite>Marlene Dietrich<\/cite><\/blockquote>\n<\/div>\n<\/div>\n\n\n\n<div class=\"wp-block-columns is-layout-flex wp-container-core-columns-is-layout-28f84493 wp-block-columns-is-layout-flex\">\n<div class=\"wp-block-column is-layout-flow wp-block-column-is-layout-flow\" style=\"flex-basis:66.66%\">\n<h2 class=\"wp-block-heading\" id=\"ewige-jugend\">Ewige Jugend<\/h2>\n\n\n\n<p>Die Diskriminierung \u00e4lterer Menschen ist eher ein Ph\u00e4nomen der westlichen Gesellschaft. Dynamik und Jugendlichkeit werden h\u00f6her gewertet als Lebenserfahrung. Der Mensch als Arbeitskraft und Konsument:in hat einen enorm hohen Stellenwert. \u00c4ltere Menschen werden deshalb als finanzielle Belastung der Gesellschaft wahrgenommen. Das hat zur Folge, dass Werbung oft die ewige Jugend verspricht.<\/p>\n\n\n\n<p>Ewige Jugend w\u00fcnscht sich auch Oscar Wildes Romanfigur Dorian Gray. Auf seinen Wunsch hin bleibt er makellos jung. Seine Alterung und seine S\u00fcnden kerben sich jedoch in sein gemaltes Portr\u00e4t ein. Dieses wird so zum Spiegel seiner Grausamkeit und Bosheit. Als er sein Portr\u00e4t letztlich zerst\u00f6rt, erf\u00e4hrt er einen rasanten Alterungsprozess und stirbt entstellt. <\/p>\n<\/div>\n\n\n\n<div class=\"wp-block-column is-layout-flow wp-block-column-is-layout-flow\" style=\"flex-basis:33.33%\"><\/div>\n<\/div>\n\n\n\n<div class=\"wp-block-columns is-layout-flex wp-container-core-columns-is-layout-28f84493 wp-block-columns-is-layout-flex\">\n<div class=\"wp-block-column is-layout-flow wp-block-column-is-layout-flow\">\n<figure class=\"wp-block-embed is-type-video is-provider-youtube wp-block-embed-youtube wp-embed-aspect-16-9 wp-has-aspect-ratio\"><div class=\"wp-block-embed__wrapper\">\n<iframe loading=\"lazy\" title=\"Ewige Jugend \u2013 sollten wir das Altern stoppen?\" width=\"500\" height=\"281\" src=\"https:\/\/www.youtube.com\/embed\/j_Nzlb33Y4o?feature=oembed\" frameborder=\"0\" allow=\"accelerometer; autoplay; clipboard-write; encrypted-media; gyroscope; picture-in-picture; web-share\" referrerpolicy=\"strict-origin-when-cross-origin\" allowfullscreen><\/iframe>\n<\/div><\/figure>\n<\/div>\n<\/div>\n","protected":false},"excerpt":{"rendered":"<p>Teilhabe Machen Sie sich Ihre vier herausragendsten F\u00e4higkeiten bewusst oder notieren Sie diese. Was passiert, wenn Sie die drei wichtigsten davon verlieren? Wie gestaltet sich dann Ihr Leben? Behinderung Behinderung hat viele Aspekte. Sie ist ein Zusammenspiel von individuellen Eigenschaften und der Umwelt. Je nachdem, wie die Umwelt gestaltet ist, ergeben sich andere Einschr\u00e4nkungen. Ein [&hellip;]<\/p>\n","protected":false},"author":2,"featured_media":0,"parent":0,"menu_order":0,"comment_status":"closed","ping_status":"closed","template":"","meta":{"_acf_changed":false,"footnotes":""},"tags":[],"class_list":["post-1674","page","type-page","status-publish","hentry"],"acf":[],"yoast_head":"<!-- This site is optimized with the Yoast SEO plugin v26.6 - https:\/\/yoast.com\/wordpress\/plugins\/seo\/ -->\n<title>Hindernisse - Divers | Kunstmuseum Luzern<\/title>\n<meta name=\"robots\" content=\"index, follow, max-snippet:-1, max-image-preview:large, max-video-preview:-1\" \/>\n<link rel=\"canonical\" href=\"https:\/\/www.divers2023.ch\/de-e-l\/hindernisse\/\" \/>\n<meta property=\"og:locale\" content=\"de_DE\" \/>\n<meta property=\"og:type\" content=\"article\" \/>\n<meta property=\"og:title\" content=\"Hindernisse - Divers | Kunstmuseum Luzern\" \/>\n<meta property=\"og:description\" content=\"Teilhabe Machen Sie sich Ihre vier herausragendsten F\u00e4higkeiten bewusst oder notieren Sie diese. Was passiert, wenn Sie die drei wichtigsten davon verlieren? Wie gestaltet sich dann Ihr Leben? Behinderung Behinderung hat viele Aspekte. Sie ist ein Zusammenspiel von individuellen Eigenschaften und der Umwelt. Je nachdem, wie die Umwelt gestaltet ist, ergeben sich andere Einschr\u00e4nkungen. Ein [&hellip;]\" \/>\n<meta property=\"og:url\" content=\"https:\/\/www.divers2023.ch\/de-e-l\/hindernisse\/\" \/>\n<meta property=\"og:site_name\" content=\"Divers | Kunstmuseum Luzern\" \/>\n<meta property=\"article:modified_time\" content=\"2023-08-03T15:32:31+00:00\" \/>\n<meta name=\"twitter:card\" content=\"summary_large_image\" \/>\n<meta name=\"twitter:label1\" content=\"Est. reading time\" \/>\n\t<meta name=\"twitter:data1\" content=\"3 minutes\" \/>\n<script type=\"application\/ld+json\" class=\"yoast-schema-graph\">{\"@context\":\"https:\/\/schema.org\",\"@graph\":[{\"@type\":\"WebPage\",\"@id\":\"https:\/\/www.divers2023.ch\/de-e-l\/hindernisse\/\",\"url\":\"https:\/\/www.divers2023.ch\/de-e-l\/hindernisse\/\",\"name\":\"Hindernisse - Divers | Kunstmuseum Luzern\",\"isPartOf\":{\"@id\":\"https:\/\/www.divers2023.ch\/#website\"},\"datePublished\":\"2023-07-07T12:38:52+00:00\",\"dateModified\":\"2023-08-03T15:32:31+00:00\",\"breadcrumb\":{\"@id\":\"https:\/\/www.divers2023.ch\/de-e-l\/hindernisse\/#breadcrumb\"},\"inLanguage\":\"de-DE-leicht\",\"potentialAction\":[{\"@type\":\"ReadAction\",\"target\":[\"https:\/\/www.divers2023.ch\/de-e-l\/hindernisse\/\"]}]},{\"@type\":\"BreadcrumbList\",\"@id\":\"https:\/\/www.divers2023.ch\/de-e-l\/hindernisse\/#breadcrumb\",\"itemListElement\":[{\"@type\":\"ListItem\",\"position\":1,\"name\":\"Startseite\",\"item\":\"https:\/\/www.divers2023.ch\/de-e-l\/\"},{\"@type\":\"ListItem\",\"position\":2,\"name\":\"Hindernisse\"}]},{\"@type\":\"WebSite\",\"@id\":\"https:\/\/www.divers2023.ch\/#website\",\"url\":\"https:\/\/www.divers2023.ch\/\",\"name\":\"Divers | Kunstmuseum Luzern\",\"description\":\"Digitale Tour\",\"publisher\":{\"@id\":\"https:\/\/www.divers2023.ch\/#organization\"},\"potentialAction\":[{\"@type\":\"SearchAction\",\"target\":{\"@type\":\"EntryPoint\",\"urlTemplate\":\"https:\/\/www.divers2023.ch\/?s={search_term_string}\"},\"query-input\":{\"@type\":\"PropertyValueSpecification\",\"valueRequired\":true,\"valueName\":\"search_term_string\"}}],\"inLanguage\":\"de-DE-leicht\"},{\"@type\":\"Organization\",\"@id\":\"https:\/\/www.divers2023.ch\/#organization\",\"name\":\"Divers | Kunstmuseum Luzern\",\"url\":\"https:\/\/www.divers2023.ch\/\",\"logo\":{\"@type\":\"ImageObject\",\"inLanguage\":\"de-DE-leicht\",\"@id\":\"https:\/\/www.divers2023.ch\/#\/schema\/logo\/image\/\",\"url\":\"https:\/\/www.divers2023.ch\/wp-content\/uploads\/sites\/3\/2023\/05\/logo.svg\",\"contentUrl\":\"https:\/\/www.divers2023.ch\/wp-content\/uploads\/sites\/3\/2023\/05\/logo.svg\",\"width\":38,\"height\":64,\"caption\":\"Divers | Kunstmuseum Luzern\"},\"image\":{\"@id\":\"https:\/\/www.divers2023.ch\/#\/schema\/logo\/image\/\"}}]}<\/script>\n<!-- \/ Yoast SEO plugin. -->","yoast_head_json":{"title":"Hindernisse - Divers | Kunstmuseum Luzern","robots":{"index":"index","follow":"follow","max-snippet":"max-snippet:-1","max-image-preview":"max-image-preview:large","max-video-preview":"max-video-preview:-1"},"canonical":"https:\/\/www.divers2023.ch\/de-e-l\/hindernisse\/","og_locale":"de_DE","og_type":"article","og_title":"Hindernisse - Divers | Kunstmuseum Luzern","og_description":"Teilhabe Machen Sie sich Ihre vier herausragendsten F\u00e4higkeiten bewusst oder notieren Sie diese. Was passiert, wenn Sie die drei wichtigsten davon verlieren? Wie gestaltet sich dann Ihr Leben? Behinderung Behinderung hat viele Aspekte. Sie ist ein Zusammenspiel von individuellen Eigenschaften und der Umwelt. Je nachdem, wie die Umwelt gestaltet ist, ergeben sich andere Einschr\u00e4nkungen. Ein [&hellip;]","og_url":"https:\/\/www.divers2023.ch\/de-e-l\/hindernisse\/","og_site_name":"Divers | Kunstmuseum Luzern","article_modified_time":"2023-08-03T15:32:31+00:00","twitter_card":"summary_large_image","twitter_misc":{"Est. reading time":"3 minutes"},"schema":{"@context":"https:\/\/schema.org","@graph":[{"@type":"WebPage","@id":"https:\/\/www.divers2023.ch\/de-e-l\/hindernisse\/","url":"https:\/\/www.divers2023.ch\/de-e-l\/hindernisse\/","name":"Hindernisse - Divers | Kunstmuseum Luzern","isPartOf":{"@id":"https:\/\/www.divers2023.ch\/#website"},"datePublished":"2023-07-07T12:38:52+00:00","dateModified":"2023-08-03T15:32:31+00:00","breadcrumb":{"@id":"https:\/\/www.divers2023.ch\/de-e-l\/hindernisse\/#breadcrumb"},"inLanguage":"de-DE-leicht","potentialAction":[{"@type":"ReadAction","target":["https:\/\/www.divers2023.ch\/de-e-l\/hindernisse\/"]}]},{"@type":"BreadcrumbList","@id":"https:\/\/www.divers2023.ch\/de-e-l\/hindernisse\/#breadcrumb","itemListElement":[{"@type":"ListItem","position":1,"name":"Startseite","item":"https:\/\/www.divers2023.ch\/de-e-l\/"},{"@type":"ListItem","position":2,"name":"Hindernisse"}]},{"@type":"WebSite","@id":"https:\/\/www.divers2023.ch\/#website","url":"https:\/\/www.divers2023.ch\/","name":"Divers | Kunstmuseum Luzern","description":"Digitale Tour","publisher":{"@id":"https:\/\/www.divers2023.ch\/#organization"},"potentialAction":[{"@type":"SearchAction","target":{"@type":"EntryPoint","urlTemplate":"https:\/\/www.divers2023.ch\/?s={search_term_string}"},"query-input":{"@type":"PropertyValueSpecification","valueRequired":true,"valueName":"search_term_string"}}],"inLanguage":"de-DE-leicht"},{"@type":"Organization","@id":"https:\/\/www.divers2023.ch\/#organization","name":"Divers | Kunstmuseum Luzern","url":"https:\/\/www.divers2023.ch\/","logo":{"@type":"ImageObject","inLanguage":"de-DE-leicht","@id":"https:\/\/www.divers2023.ch\/#\/schema\/logo\/image\/","url":"https:\/\/www.divers2023.ch\/wp-content\/uploads\/sites\/3\/2023\/05\/logo.svg","contentUrl":"https:\/\/www.divers2023.ch\/wp-content\/uploads\/sites\/3\/2023\/05\/logo.svg","width":38,"height":64,"caption":"Divers | Kunstmuseum Luzern"},"image":{"@id":"https:\/\/www.divers2023.ch\/#\/schema\/logo\/image\/"}}]}},"_links":{"self":[{"href":"https:\/\/www.divers2023.ch\/de-e-l\/wp-json\/wp\/v2\/pages\/1674","targetHints":{"allow":["GET"]}}],"collection":[{"href":"https:\/\/www.divers2023.ch\/de-e-l\/wp-json\/wp\/v2\/pages"}],"about":[{"href":"https:\/\/www.divers2023.ch\/de-e-l\/wp-json\/wp\/v2\/types\/page"}],"author":[{"embeddable":true,"href":"https:\/\/www.divers2023.ch\/de-e-l\/wp-json\/wp\/v2\/users\/2"}],"replies":[{"embeddable":true,"href":"https:\/\/www.divers2023.ch\/de-e-l\/wp-json\/wp\/v2\/comments?post=1674"}],"version-history":[{"count":4,"href":"https:\/\/www.divers2023.ch\/de-e-l\/wp-json\/wp\/v2\/pages\/1674\/revisions"}],"predecessor-version":[{"id":1832,"href":"https:\/\/www.divers2023.ch\/de-e-l\/wp-json\/wp\/v2\/pages\/1674\/revisions\/1832"}],"wp:attachment":[{"href":"https:\/\/www.divers2023.ch\/de-e-l\/wp-json\/wp\/v2\/media?parent=1674"}],"wp:term":[{"taxonomy":"post_tag","embeddable":true,"href":"https:\/\/www.divers2023.ch\/de-e-l\/wp-json\/wp\/v2\/tags?post=1674"}],"curies":[{"name":"wp","href":"https:\/\/api.w.org\/{rel}","templated":true}]}}