{"id":1669,"date":"2023-07-06T15:10:00","date_gmt":"2023-07-06T13:10:00","guid":{"rendered":"https:\/\/www.divers2023.ch\/diversitaet\/"},"modified":"2023-08-17T16:25:16","modified_gmt":"2023-08-17T14:25:16","slug":"diversitaet","status":"publish","type":"page","link":"https:\/\/www.divers2023.ch\/de-e-l\/diversitaet\/","title":{"rendered":"Vielfalt"},"content":{"rendered":"\n<div class=\"dt_header-block alignfull\" style=\"background-color: #ffac54; color: #FFFFFF;\">\n  <h2 class=\"dt_header-block__title\">Das Leben ist vielf\u00e4ltig\n<\/h2>\n\n  <div class=\"dt_header-block__content\">\n    <p>Ein Ja zu Vielfalt bedeutet weniger Diskriminierung. Das heisst: eine gerechte Behandlung f\u00fcr alle. Diversit\u00e4t ist ein anderes Wort f\u00fcr Vielfalt. Diversit\u00e4t wird oft im Zusammenhang mit der Gesellschaft oder der Natur verwendet.<\/p>\n  <\/div>\n<\/div>\n\n\n<div class=\"wp-block-columns is-layout-flex wp-container-core-columns-is-layout-28f84493 wp-block-columns-is-layout-flex\">\n<div class=\"wp-block-column is-layout-flow wp-block-column-is-layout-flow\" style=\"flex-basis:66.66%\">\n<p>In einer vielf\u00e4ltigen Gesellschaft ist Platz f\u00fcr alle. Das bedeutet: Alle k\u00f6nnen und d\u00fcrfen sich einbringen und teilnehmen. Vielfalt und eine gerechte Behandlung f\u00fcr alle sind aktuelle gesellschaftliche Themen. www.divers2023.ch zeigt, was das heute bedeutet. Diese Webseite erkl\u00e4rt Begriffe und Konflikte, ohne auf alles eine Antwort zu kennen. Diese Website orientiert sich an den sieben Aspekten von Vielfalt: <br>1. Geschlecht <br>2. sexuelle Orientierung<br>3. Herkunft<br>4. kulturelle Pr\u00e4gung<br>5. Glaube<br>6. Behinderung<br>7. Alter<\/p>\n\n\n\n<p>Zus\u00e4tzlich wird die Sprache als Thema behandelt.<\/p>\n<\/div>\n<\/div>\n\n\n\n<div class=\"wp-block-columns is-layout-flex wp-container-core-columns-is-layout-28f84493 wp-block-columns-is-layout-flex\">\n<div class=\"wp-block-column is-layout-flow wp-block-column-is-layout-flow\" style=\"flex-basis:66.66%\">\n<figure class=\"wp-block-image size-large\"><img loading=\"lazy\" decoding=\"async\" width=\"1024\" height=\"676\" src=\"https:\/\/www.divers2023.ch\/wp-content\/uploads\/sites\/3\/2023\/06\/muholi-brave-beauties-2020-1024x676.jpg\" alt=\"\" class=\"wp-image-232\" srcset=\"https:\/\/www.divers2023.ch\/wp-content\/uploads\/sites\/3\/2023\/06\/muholi-brave-beauties-2020-1024x676.jpg 1024w, https:\/\/www.divers2023.ch\/wp-content\/uploads\/sites\/3\/2023\/06\/muholi-brave-beauties-2020-300x198.jpg 300w, https:\/\/www.divers2023.ch\/wp-content\/uploads\/sites\/3\/2023\/06\/muholi-brave-beauties-2020-150x99.jpg 150w, https:\/\/www.divers2023.ch\/wp-content\/uploads\/sites\/3\/2023\/06\/muholi-brave-beauties-2020-768x507.jpg 768w, https:\/\/www.divers2023.ch\/wp-content\/uploads\/sites\/3\/2023\/06\/muholi-brave-beauties-2020-1536x1014.jpg 1536w, https:\/\/www.divers2023.ch\/wp-content\/uploads\/sites\/3\/2023\/06\/muholi-brave-beauties-2020-860x567.jpg 860w, https:\/\/www.divers2023.ch\/wp-content\/uploads\/sites\/3\/2023\/06\/muholi-brave-beauties-2020-420x277.jpg 420w, https:\/\/www.divers2023.ch\/wp-content\/uploads\/sites\/3\/2023\/06\/muholi-brave-beauties-2020-1380x911.jpg 1380w, https:\/\/www.divers2023.ch\/wp-content\/uploads\/sites\/3\/2023\/06\/muholi-brave-beauties-2020-255x168.jpg 255w, https:\/\/www.divers2023.ch\/wp-content\/uploads\/sites\/3\/2023\/06\/muholi-brave-beauties-2020-530x350.jpg 530w, https:\/\/www.divers2023.ch\/wp-content\/uploads\/sites\/3\/2023\/06\/muholi-brave-beauties-2020-780x515.jpg 780w, https:\/\/www.divers2023.ch\/wp-content\/uploads\/sites\/3\/2023\/06\/muholi-brave-beauties-2020.jpg 1670w\" sizes=\"auto, (max-width: 1024px) 100vw, 1024px\" \/><figcaption class=\"wp-element-caption\">Zanele Muholi, <em>Brave Beauties<\/em>, 2020<\/figcaption><\/figure>\n<\/div>\n\n\n\n<div class=\"wp-block-column is-layout-flow wp-block-column-is-layout-flow\" style=\"flex-basis:33.33%\">\n<p>www.divers2023.ch steht im Zusammenhang mit den Ausstellungen <a href=\"https:\/\/www.kunstmuseumluzern.ch\/ausstellungen\/zanele-muholi\/\" target=\"_blank\" rel=\"noreferrer noopener\">Zanele Muholi<\/a> und <a href=\"https:\/\/www.kunstmuseumluzern.ch\/ausstellungen\/walter-pfeiffer\/\" target=\"_blank\" rel=\"noreferrer noopener\">Sincerely, Walter Pfeiffer<\/a>. Die zwei Ausstellungen erz\u00e4hlen von queeren Identit\u00e4ten, Rassismus, Selbstfindung und Selbsterm\u00e4chtigung. Deshalb sind die Kapitel Geschlecht, sexuelle Orientierung und Herkunft ausf\u00fchrlicher als die anderen. Die verschiedenen Aspekte von Vielfalt \u00fcberschneiden sich auch h\u00e4ufig: Das Alter beeinflusst unser Leben, egal welche Hautfarbe oder welches Geschlecht wir haben. Eine ungerechte Behandlung, also Diskriminierung, kann sich gleichzeitig gegen mehrere unserer Eigenschaften richten: Sexuelle Orientierung, Geschlecht, Hautfarbe etc.<\/p>\n<\/div>\n<\/div>\n\n\n\n<p class=\"has-text-align-center\"><\/p>\n\n\n\n<div class=\"wp-block-columns is-layout-flex wp-container-core-columns-is-layout-28f84493 wp-block-columns-is-layout-flex\">\n<div class=\"wp-block-column is-layout-flow wp-block-column-is-layout-flow\">\n<figure class=\"wp-block-embed is-type-video is-provider-youtube wp-block-embed-youtube wp-embed-aspect-16-9 wp-has-aspect-ratio\"><div class=\"wp-block-embed__wrapper\">\n<iframe loading=\"lazy\" title=\"Walter Pfeiffer \/ arte Metropolis\" width=\"500\" height=\"281\" src=\"https:\/\/www.youtube.com\/embed\/JI3AIpIV_tk?feature=oembed\" frameborder=\"0\" allow=\"accelerometer; autoplay; clipboard-write; encrypted-media; gyroscope; picture-in-picture; web-share\" referrerpolicy=\"strict-origin-when-cross-origin\" allowfullscreen><\/iframe>\n<\/div><figcaption class=\"wp-element-caption\">Portr\u00e4t Walter Pfeiffer<\/figcaption><\/figure>\n<\/div>\n\n\n\n<div class=\"wp-block-column is-layout-flow wp-block-column-is-layout-flow\">\n<figure class=\"wp-block-embed is-type-video is-provider-youtube wp-block-embed-youtube wp-embed-aspect-16-9 wp-has-aspect-ratio\"><div class=\"wp-block-embed__wrapper\">\n<iframe loading=\"lazy\" title=\"Zanele Muholi, Visual Activist\" width=\"500\" height=\"281\" src=\"https:\/\/www.youtube.com\/embed\/9aiufq04dp0?feature=oembed\" frameborder=\"0\" allow=\"accelerometer; autoplay; clipboard-write; encrypted-media; gyroscope; picture-in-picture; web-share\" referrerpolicy=\"strict-origin-when-cross-origin\" allowfullscreen><\/iframe>\n<\/div><figcaption class=\"wp-element-caption\">Portr\u00e4t Zanele Muholi<\/figcaption><\/figure>\n<\/div>\n<\/div>\n\n\n\n<div class=\"wp-block-columns is-layout-flex wp-container-core-columns-is-layout-28f84493 wp-block-columns-is-layout-flex\">\n<div class=\"wp-block-column is-layout-flow wp-block-column-is-layout-flow\" style=\"flex-basis:33.33%\"><\/div>\n\n\n\n<div class=\"wp-block-column is-layout-flow wp-block-column-is-layout-flow\" style=\"flex-basis:66.66%\">\n<h2 class=\"wp-block-heading\" id=\"wir\">Wir<\/h2>\n\n\n\n<div class=\"wp-block-columns is-layout-flex wp-container-core-columns-is-layout-28f84493 wp-block-columns-is-layout-flex\">\n<div class=\"wp-block-column is-layout-flow wp-block-column-is-layout-flow\">\n<p>Das Kunstmuseum Luzern befindet sich in einer privilegierten Situation im Zentrum Europas. Das pr\u00e4gt unseren Blick auf die Welt. Dessen sind wir uns bewusst. Als Institution und als Individuen wollen wir lernen und uns weiterentwickeln.<\/p>\n<\/div>\n\n\n\n<div class=\"wp-block-column is-layout-flow wp-block-column-is-layout-flow\">\n<p>Deshalb setzen wir uns mit der Kunst von Zanele Muholi, Walter Pfeiffer und weiteren auseinander. Deshalb suchen wir Verb\u00fcndete mit anderen Sichtweisen. Deshalb gelten unsere Erl\u00e4uterung f\u00fcr das Hier und Heute.<\/p>\n<\/div>\n<\/div>\n<\/div>\n<\/div>\n\n\n\n<div class=\"wp-block-columns is-layout-flex wp-container-core-columns-is-layout-28f84493 wp-block-columns-is-layout-flex\">\n<div class=\"wp-block-column is-layout-flow wp-block-column-is-layout-flow\"><\/div>\n\n\n\n<div class=\"wp-block-column is-layout-flow wp-block-column-is-layout-flow\"><\/div>\n\n\n\n<div class=\"wp-block-column is-layout-flow wp-block-column-is-layout-flow\">\n<figure class=\"wp-block-embed is-type-rich is-provider-spotify wp-block-embed-spotify wp-embed-aspect-21-9 wp-has-aspect-ratio\"><div class=\"wp-block-embed__wrapper\">\n<iframe title=\"Spotify Embed: divers2023\" style=\"border-radius: 12px\" width=\"100%\" height=\"352\" frameborder=\"0\" allowfullscreen allow=\"autoplay; clipboard-write; encrypted-media; fullscreen; picture-in-picture\" loading=\"lazy\" src=\"https:\/\/open.spotify.com\/embed\/playlist\/0A6GJwfGabUddJ6eDEUb6u?si=ed835747c3bc44f4&#038;utm_source=oembed\"><\/iframe>\n<\/div><\/figure>\n<\/div>\n<\/div>\n\n\n\n<h2 class=\"wp-block-heading\" id=\"gender-terror-und-woke-wahnsinn\">\u00abGender-Terror und Woke-Wahnsinn\u00bb<\/h2>\n\n\n\n<div class=\"wp-block-columns is-layout-flex wp-container-core-columns-is-layout-28f84493 wp-block-columns-is-layout-flex\">\n<div class=\"wp-block-column is-layout-flow wp-block-column-is-layout-flow\" style=\"flex-basis:66.66%\">\n<p>Der Einbezug aller in allen Gebieten f\u00fchrt zu gesellschaftlichen Ver\u00e4nderungen. Diese Ver\u00e4nderungen stossen teilweise auf Ablehnung. Die sind gem\u00e4ss einer Umfrage f\u00fcr Menschen in der Schweiz altuell die gr\u00f6ssten \u00c4rgernisse: <br>&#8211; CS-Misswirtschaft\/Boni (58%)<br>&#8211; Klimakleber (51%)<br>&#8211; Gender-Debatte, Wokeness (50%)<\/p>\n\n\n\n<p>Durch die Diskussion in Politik, Medien und sozialen Netzwerken k\u00f6nnen Begriffe in kurzer Zeit ihre Bedeutung \u00e4ndern. Positive Begriffe k\u00f6nnen zu Schimpfw\u00f6rtern werden. Woke ist ein gutes Beispiel daf\u00fcr. <\/p>\n\n\n\n<p>Die Schweizerische Volkspartei (SVP) hat den Kampf gegen \u00abGender-Terror und Woke-Wahnsinn\u00bb ins aktuelle Parteiprogramm aufgenommen. Die SVP will gegen Formen wie <span style=\",sans-serif\">\u00ab<\/span>Schweizer:innen\u00bb oder <span style=\",sans-serif\">\u00ab<\/span>Schweizer*innen\u00bb vorgehen. Mehr dazu unter Sprache.<\/p>\n<\/div>\n\n\n\n<div class=\"wp-block-column is-layout-flow wp-block-column-is-layout-flow\" style=\"flex-basis:33.33%\"><\/div>\n<\/div>\n\n\n\n<div class=\"wp-block-columns is-layout-flex wp-container-core-columns-is-layout-28f84493 wp-block-columns-is-layout-flex\">\n<div class=\"wp-block-column is-layout-flow wp-block-column-is-layout-flow\">\n<figure class=\"wp-block-image size-large\"><img loading=\"lazy\" decoding=\"async\" width=\"1024\" height=\"721\" src=\"https:\/\/www.divers2023.ch\/wp-content\/uploads\/sites\/3\/2023\/06\/svp-parteiprogramm-115-1024x721.jpg\" alt=\"\" class=\"wp-image-242\" srcset=\"https:\/\/www.divers2023.ch\/wp-content\/uploads\/sites\/3\/2023\/06\/svp-parteiprogramm-115-1024x721.jpg 1024w, https:\/\/www.divers2023.ch\/wp-content\/uploads\/sites\/3\/2023\/06\/svp-parteiprogramm-115-300x211.jpg 300w, https:\/\/www.divers2023.ch\/wp-content\/uploads\/sites\/3\/2023\/06\/svp-parteiprogramm-115-150x106.jpg 150w, https:\/\/www.divers2023.ch\/wp-content\/uploads\/sites\/3\/2023\/06\/svp-parteiprogramm-115-768x541.jpg 768w, https:\/\/www.divers2023.ch\/wp-content\/uploads\/sites\/3\/2023\/06\/svp-parteiprogramm-115-860x606.jpg 860w, https:\/\/www.divers2023.ch\/wp-content\/uploads\/sites\/3\/2023\/06\/svp-parteiprogramm-115-420x296.jpg 420w, https:\/\/www.divers2023.ch\/wp-content\/uploads\/sites\/3\/2023\/06\/svp-parteiprogramm-115-255x180.jpg 255w, https:\/\/www.divers2023.ch\/wp-content\/uploads\/sites\/3\/2023\/06\/svp-parteiprogramm-115-530x373.jpg 530w, https:\/\/www.divers2023.ch\/wp-content\/uploads\/sites\/3\/2023\/06\/svp-parteiprogramm-115-780x549.jpg 780w, https:\/\/www.divers2023.ch\/wp-content\/uploads\/sites\/3\/2023\/06\/svp-parteiprogramm-115.jpg 1335w\" sizes=\"auto, (max-width: 1024px) 100vw, 1024px\" \/><figcaption class=\"wp-element-caption\">Parteiprogramm der Schweizerischen Volkspartei (SVP) 2023\u20132027, S. 115<\/figcaption><\/figure>\n<\/div>\n\n\n\n<div class=\"wp-block-column is-layout-flow wp-block-column-is-layout-flow\">\n<figure class=\"wp-block-image size-large\"><img loading=\"lazy\" decoding=\"async\" width=\"1024\" height=\"721\" src=\"https:\/\/www.divers2023.ch\/wp-content\/uploads\/sites\/3\/2023\/06\/svp-parteiprogramm-117-1024x721.jpg\" alt=\"\" class=\"wp-image-244\" srcset=\"https:\/\/www.divers2023.ch\/wp-content\/uploads\/sites\/3\/2023\/06\/svp-parteiprogramm-117-1024x721.jpg 1024w, https:\/\/www.divers2023.ch\/wp-content\/uploads\/sites\/3\/2023\/06\/svp-parteiprogramm-117-300x211.jpg 300w, https:\/\/www.divers2023.ch\/wp-content\/uploads\/sites\/3\/2023\/06\/svp-parteiprogramm-117-150x106.jpg 150w, https:\/\/www.divers2023.ch\/wp-content\/uploads\/sites\/3\/2023\/06\/svp-parteiprogramm-117-768x541.jpg 768w, https:\/\/www.divers2023.ch\/wp-content\/uploads\/sites\/3\/2023\/06\/svp-parteiprogramm-117-860x606.jpg 860w, https:\/\/www.divers2023.ch\/wp-content\/uploads\/sites\/3\/2023\/06\/svp-parteiprogramm-117-420x296.jpg 420w, https:\/\/www.divers2023.ch\/wp-content\/uploads\/sites\/3\/2023\/06\/svp-parteiprogramm-117-255x180.jpg 255w, https:\/\/www.divers2023.ch\/wp-content\/uploads\/sites\/3\/2023\/06\/svp-parteiprogramm-117-530x373.jpg 530w, https:\/\/www.divers2023.ch\/wp-content\/uploads\/sites\/3\/2023\/06\/svp-parteiprogramm-117-780x549.jpg 780w, https:\/\/www.divers2023.ch\/wp-content\/uploads\/sites\/3\/2023\/06\/svp-parteiprogramm-117.jpg 1335w\" sizes=\"auto, (max-width: 1024px) 100vw, 1024px\" \/><figcaption class=\"wp-element-caption\">Parteiprogramm der Schweizerischen Volkspartei (SVP) 2023\u20132027, S. 117 <\/figcaption><\/figure>\n<\/div>\n<\/div>\n","protected":false},"excerpt":{"rendered":"<p>In einer vielf\u00e4ltigen Gesellschaft ist Platz f\u00fcr alle. Das bedeutet: Alle k\u00f6nnen und d\u00fcrfen sich einbringen und teilnehmen. Vielfalt und eine gerechte Behandlung f\u00fcr alle sind aktuelle gesellschaftliche Themen. www.divers2023.ch zeigt, was das heute bedeutet. Diese Webseite erkl\u00e4rt Begriffe und Konflikte, ohne auf alles eine Antwort zu kennen. Diese Website orientiert sich an den sieben [&hellip;]<\/p>\n","protected":false},"author":2,"featured_media":0,"parent":0,"menu_order":0,"comment_status":"closed","ping_status":"closed","template":"","meta":{"_acf_changed":false,"footnotes":""},"tags":[],"class_list":["post-1669","page","type-page","status-publish","hentry"],"acf":[],"yoast_head":"<!-- This site is optimized with the Yoast SEO plugin v26.6 - https:\/\/yoast.com\/wordpress\/plugins\/seo\/ -->\n<title>Vielfalt - Divers | Kunstmuseum Luzern<\/title>\n<meta name=\"robots\" content=\"index, follow, max-snippet:-1, max-image-preview:large, max-video-preview:-1\" \/>\n<link rel=\"canonical\" href=\"https:\/\/www.divers2023.ch\/de-e-l\/diversitaet\/\" \/>\n<meta property=\"og:locale\" content=\"de_DE\" \/>\n<meta property=\"og:type\" content=\"article\" \/>\n<meta property=\"og:title\" content=\"Vielfalt - Divers | Kunstmuseum Luzern\" \/>\n<meta property=\"og:description\" content=\"In einer vielf\u00e4ltigen Gesellschaft ist Platz f\u00fcr alle. Das bedeutet: Alle k\u00f6nnen und d\u00fcrfen sich einbringen und teilnehmen. Vielfalt und eine gerechte Behandlung f\u00fcr alle sind aktuelle gesellschaftliche Themen. www.divers2023.ch zeigt, was das heute bedeutet. Diese Webseite erkl\u00e4rt Begriffe und Konflikte, ohne auf alles eine Antwort zu kennen. Diese Website orientiert sich an den sieben [&hellip;]\" \/>\n<meta property=\"og:url\" content=\"https:\/\/www.divers2023.ch\/de-e-l\/diversitaet\/\" \/>\n<meta property=\"og:site_name\" content=\"Divers | Kunstmuseum Luzern\" \/>\n<meta property=\"article:modified_time\" content=\"2023-08-17T14:25:16+00:00\" \/>\n<meta property=\"og:image\" content=\"https:\/\/www.divers2023.ch\/wp-content\/uploads\/sites\/3\/2023\/06\/muholi-brave-beauties-2020-1024x676.jpg\" \/>\n<meta name=\"twitter:card\" content=\"summary_large_image\" \/>\n<meta name=\"twitter:label1\" content=\"Est. reading time\" \/>\n\t<meta name=\"twitter:data1\" content=\"3 minutes\" \/>\n<script type=\"application\/ld+json\" class=\"yoast-schema-graph\">{\"@context\":\"https:\/\/schema.org\",\"@graph\":[{\"@type\":\"WebPage\",\"@id\":\"https:\/\/www.divers2023.ch\/de-e-l\/diversitaet\/\",\"url\":\"https:\/\/www.divers2023.ch\/de-e-l\/diversitaet\/\",\"name\":\"Vielfalt - Divers | Kunstmuseum Luzern\",\"isPartOf\":{\"@id\":\"https:\/\/www.divers2023.ch\/#website\"},\"primaryImageOfPage\":{\"@id\":\"https:\/\/www.divers2023.ch\/de-e-l\/diversitaet\/#primaryimage\"},\"image\":{\"@id\":\"https:\/\/www.divers2023.ch\/de-e-l\/diversitaet\/#primaryimage\"},\"thumbnailUrl\":\"https:\/\/www.divers2023.ch\/wp-content\/uploads\/sites\/3\/2023\/06\/muholi-brave-beauties-2020-1024x676.jpg\",\"datePublished\":\"2023-07-06T13:10:00+00:00\",\"dateModified\":\"2023-08-17T14:25:16+00:00\",\"breadcrumb\":{\"@id\":\"https:\/\/www.divers2023.ch\/de-e-l\/diversitaet\/#breadcrumb\"},\"inLanguage\":\"de-DE-leicht\",\"potentialAction\":[{\"@type\":\"ReadAction\",\"target\":[\"https:\/\/www.divers2023.ch\/de-e-l\/diversitaet\/\"]}]},{\"@type\":\"ImageObject\",\"inLanguage\":\"de-DE-leicht\",\"@id\":\"https:\/\/www.divers2023.ch\/de-e-l\/diversitaet\/#primaryimage\",\"url\":\"https:\/\/www.divers2023.ch\/wp-content\/uploads\/sites\/3\/2023\/06\/muholi-brave-beauties-2020-1024x676.jpg\",\"contentUrl\":\"https:\/\/www.divers2023.ch\/wp-content\/uploads\/sites\/3\/2023\/06\/muholi-brave-beauties-2020-1024x676.jpg\"},{\"@type\":\"BreadcrumbList\",\"@id\":\"https:\/\/www.divers2023.ch\/de-e-l\/diversitaet\/#breadcrumb\",\"itemListElement\":[{\"@type\":\"ListItem\",\"position\":1,\"name\":\"Startseite\",\"item\":\"https:\/\/www.divers2023.ch\/de-e-l\/\"},{\"@type\":\"ListItem\",\"position\":2,\"name\":\"Vielfalt\"}]},{\"@type\":\"WebSite\",\"@id\":\"https:\/\/www.divers2023.ch\/#website\",\"url\":\"https:\/\/www.divers2023.ch\/\",\"name\":\"Divers | Kunstmuseum Luzern\",\"description\":\"Digitale Tour\",\"publisher\":{\"@id\":\"https:\/\/www.divers2023.ch\/#organization\"},\"potentialAction\":[{\"@type\":\"SearchAction\",\"target\":{\"@type\":\"EntryPoint\",\"urlTemplate\":\"https:\/\/www.divers2023.ch\/?s={search_term_string}\"},\"query-input\":{\"@type\":\"PropertyValueSpecification\",\"valueRequired\":true,\"valueName\":\"search_term_string\"}}],\"inLanguage\":\"de-DE-leicht\"},{\"@type\":\"Organization\",\"@id\":\"https:\/\/www.divers2023.ch\/#organization\",\"name\":\"Divers | Kunstmuseum Luzern\",\"url\":\"https:\/\/www.divers2023.ch\/\",\"logo\":{\"@type\":\"ImageObject\",\"inLanguage\":\"de-DE-leicht\",\"@id\":\"https:\/\/www.divers2023.ch\/#\/schema\/logo\/image\/\",\"url\":\"https:\/\/www.divers2023.ch\/wp-content\/uploads\/sites\/3\/2023\/05\/logo.svg\",\"contentUrl\":\"https:\/\/www.divers2023.ch\/wp-content\/uploads\/sites\/3\/2023\/05\/logo.svg\",\"width\":38,\"height\":64,\"caption\":\"Divers | Kunstmuseum Luzern\"},\"image\":{\"@id\":\"https:\/\/www.divers2023.ch\/#\/schema\/logo\/image\/\"}}]}<\/script>\n<!-- \/ Yoast SEO plugin. -->","yoast_head_json":{"title":"Vielfalt - Divers | Kunstmuseum Luzern","robots":{"index":"index","follow":"follow","max-snippet":"max-snippet:-1","max-image-preview":"max-image-preview:large","max-video-preview":"max-video-preview:-1"},"canonical":"https:\/\/www.divers2023.ch\/de-e-l\/diversitaet\/","og_locale":"de_DE","og_type":"article","og_title":"Vielfalt - Divers | Kunstmuseum Luzern","og_description":"In einer vielf\u00e4ltigen Gesellschaft ist Platz f\u00fcr alle. Das bedeutet: Alle k\u00f6nnen und d\u00fcrfen sich einbringen und teilnehmen. Vielfalt und eine gerechte Behandlung f\u00fcr alle sind aktuelle gesellschaftliche Themen. www.divers2023.ch zeigt, was das heute bedeutet. Diese Webseite erkl\u00e4rt Begriffe und Konflikte, ohne auf alles eine Antwort zu kennen. Diese Website orientiert sich an den sieben [&hellip;]","og_url":"https:\/\/www.divers2023.ch\/de-e-l\/diversitaet\/","og_site_name":"Divers | Kunstmuseum Luzern","article_modified_time":"2023-08-17T14:25:16+00:00","og_image":[{"url":"https:\/\/www.divers2023.ch\/wp-content\/uploads\/sites\/3\/2023\/06\/muholi-brave-beauties-2020-1024x676.jpg","type":"","width":"","height":""}],"twitter_card":"summary_large_image","twitter_misc":{"Est. reading time":"3 minutes"},"schema":{"@context":"https:\/\/schema.org","@graph":[{"@type":"WebPage","@id":"https:\/\/www.divers2023.ch\/de-e-l\/diversitaet\/","url":"https:\/\/www.divers2023.ch\/de-e-l\/diversitaet\/","name":"Vielfalt - Divers | Kunstmuseum Luzern","isPartOf":{"@id":"https:\/\/www.divers2023.ch\/#website"},"primaryImageOfPage":{"@id":"https:\/\/www.divers2023.ch\/de-e-l\/diversitaet\/#primaryimage"},"image":{"@id":"https:\/\/www.divers2023.ch\/de-e-l\/diversitaet\/#primaryimage"},"thumbnailUrl":"https:\/\/www.divers2023.ch\/wp-content\/uploads\/sites\/3\/2023\/06\/muholi-brave-beauties-2020-1024x676.jpg","datePublished":"2023-07-06T13:10:00+00:00","dateModified":"2023-08-17T14:25:16+00:00","breadcrumb":{"@id":"https:\/\/www.divers2023.ch\/de-e-l\/diversitaet\/#breadcrumb"},"inLanguage":"de-DE-leicht","potentialAction":[{"@type":"ReadAction","target":["https:\/\/www.divers2023.ch\/de-e-l\/diversitaet\/"]}]},{"@type":"ImageObject","inLanguage":"de-DE-leicht","@id":"https:\/\/www.divers2023.ch\/de-e-l\/diversitaet\/#primaryimage","url":"https:\/\/www.divers2023.ch\/wp-content\/uploads\/sites\/3\/2023\/06\/muholi-brave-beauties-2020-1024x676.jpg","contentUrl":"https:\/\/www.divers2023.ch\/wp-content\/uploads\/sites\/3\/2023\/06\/muholi-brave-beauties-2020-1024x676.jpg"},{"@type":"BreadcrumbList","@id":"https:\/\/www.divers2023.ch\/de-e-l\/diversitaet\/#breadcrumb","itemListElement":[{"@type":"ListItem","position":1,"name":"Startseite","item":"https:\/\/www.divers2023.ch\/de-e-l\/"},{"@type":"ListItem","position":2,"name":"Vielfalt"}]},{"@type":"WebSite","@id":"https:\/\/www.divers2023.ch\/#website","url":"https:\/\/www.divers2023.ch\/","name":"Divers | Kunstmuseum Luzern","description":"Digitale Tour","publisher":{"@id":"https:\/\/www.divers2023.ch\/#organization"},"potentialAction":[{"@type":"SearchAction","target":{"@type":"EntryPoint","urlTemplate":"https:\/\/www.divers2023.ch\/?s={search_term_string}"},"query-input":{"@type":"PropertyValueSpecification","valueRequired":true,"valueName":"search_term_string"}}],"inLanguage":"de-DE-leicht"},{"@type":"Organization","@id":"https:\/\/www.divers2023.ch\/#organization","name":"Divers | Kunstmuseum Luzern","url":"https:\/\/www.divers2023.ch\/","logo":{"@type":"ImageObject","inLanguage":"de-DE-leicht","@id":"https:\/\/www.divers2023.ch\/#\/schema\/logo\/image\/","url":"https:\/\/www.divers2023.ch\/wp-content\/uploads\/sites\/3\/2023\/05\/logo.svg","contentUrl":"https:\/\/www.divers2023.ch\/wp-content\/uploads\/sites\/3\/2023\/05\/logo.svg","width":38,"height":64,"caption":"Divers | Kunstmuseum Luzern"},"image":{"@id":"https:\/\/www.divers2023.ch\/#\/schema\/logo\/image\/"}}]}},"_links":{"self":[{"href":"https:\/\/www.divers2023.ch\/de-e-l\/wp-json\/wp\/v2\/pages\/1669","targetHints":{"allow":["GET"]}}],"collection":[{"href":"https:\/\/www.divers2023.ch\/de-e-l\/wp-json\/wp\/v2\/pages"}],"about":[{"href":"https:\/\/www.divers2023.ch\/de-e-l\/wp-json\/wp\/v2\/types\/page"}],"author":[{"embeddable":true,"href":"https:\/\/www.divers2023.ch\/de-e-l\/wp-json\/wp\/v2\/users\/2"}],"replies":[{"embeddable":true,"href":"https:\/\/www.divers2023.ch\/de-e-l\/wp-json\/wp\/v2\/comments?post=1669"}],"version-history":[{"count":9,"href":"https:\/\/www.divers2023.ch\/de-e-l\/wp-json\/wp\/v2\/pages\/1669\/revisions"}],"predecessor-version":[{"id":1843,"href":"https:\/\/www.divers2023.ch\/de-e-l\/wp-json\/wp\/v2\/pages\/1669\/revisions\/1843"}],"wp:attachment":[{"href":"https:\/\/www.divers2023.ch\/de-e-l\/wp-json\/wp\/v2\/media?parent=1669"}],"wp:term":[{"taxonomy":"post_tag","embeddable":true,"href":"https:\/\/www.divers2023.ch\/de-e-l\/wp-json\/wp\/v2\/tags?post=1669"}],"curies":[{"name":"wp","href":"https:\/\/api.w.org\/{rel}","templated":true}]}}