{"version":"1.0","provider_name":"Divers | Kunstmuseum Luzern","provider_url":"https:\/\/www.divers2023.ch\/de-e-l\/","author_name":"eveline","author_url":"https:\/\/www.divers2023.ch\/de-e-l\/author\/eveline\/","title":"Vielfalt - Divers | Kunstmuseum Luzern","type":"rich","width":600,"height":338,"html":"<blockquote class=\"wp-embedded-content\" data-secret=\"6seGUTXp9L\"><a href=\"https:\/\/www.divers2023.ch\/de-e-l\/diversitaet\/\">Vielfalt<\/a><\/blockquote><iframe sandbox=\"allow-scripts\" security=\"restricted\" src=\"https:\/\/www.divers2023.ch\/de-e-l\/diversitaet\/embed\/#?secret=6seGUTXp9L\" width=\"600\" height=\"338\" title=\"&#8220;Vielfalt&#8221; &#8212; Divers | Kunstmuseum Luzern\" data-secret=\"6seGUTXp9L\" frameborder=\"0\" marginwidth=\"0\" marginheight=\"0\" scrolling=\"no\" class=\"wp-embedded-content\"><\/iframe><script type=\"text\/javascript\">\n\/* <![CDATA[ *\/\n\/*! This file is auto-generated *\/\n!function(d,l){\"use strict\";l.querySelector&&d.addEventListener&&\"undefined\"!=typeof URL&&(d.wp=d.wp||{},d.wp.receiveEmbedMessage||(d.wp.receiveEmbedMessage=function(e){var t=e.data;if((t||t.secret||t.message||t.value)&&!\/[^a-zA-Z0-9]\/.test(t.secret)){for(var s,r,n,a=l.querySelectorAll('iframe[data-secret=\"'+t.secret+'\"]'),o=l.querySelectorAll('blockquote[data-secret=\"'+t.secret+'\"]'),c=new RegExp(\"^https?:$\",\"i\"),i=0;i<o.length;i++)o[i].style.display=\"none\";for(i=0;i<a.length;i++)s=a[i],e.source===s.contentWindow&&(s.removeAttribute(\"style\"),\"height\"===t.message?(1e3<(r=parseInt(t.value,10))?r=1e3:~~r<200&&(r=200),s.height=r):\"link\"===t.message&&(r=new URL(s.getAttribute(\"src\")),n=new URL(t.value),c.test(n.protocol))&&n.host===r.host&&l.activeElement===s&&(d.top.location.href=t.value))}},d.addEventListener(\"message\",d.wp.receiveEmbedMessage,!1),l.addEventListener(\"DOMContentLoaded\",function(){for(var e,t,s=l.querySelectorAll(\"iframe.wp-embedded-content\"),r=0;r<s.length;r++)(t=(e=s[r]).getAttribute(\"data-secret\"))||(t=Math.random().toString(36).substring(2,12),e.src+=\"#?secret=\"+t,e.setAttribute(\"data-secret\",t)),e.contentWindow.postMessage({message:\"ready\",secret:t},\"*\")},!1)))}(window,document);\n\/\/# sourceURL=https:\/\/www.divers2023.ch\/wp-includes\/js\/wp-embed.min.js\n\/* ]]> *\/\n<\/script>\n","description":"In einer vielf\u00e4ltigen Gesellschaft ist Platz f\u00fcr alle. Das bedeutet: Alle k\u00f6nnen und d\u00fcrfen sich einbringen und teilnehmen. Vielfalt und eine gerechte Behandlung f\u00fcr alle sind aktuelle gesellschaftliche Themen. www.divers2023.ch zeigt, was das heute bedeutet. Diese Webseite erkl\u00e4rt Begriffe und Konflikte, ohne auf alles eine Antwort zu kennen. Diese Website orientiert sich an den sieben [&hellip;]","thumbnail_url":"https:\/\/www.divers2023.ch\/wp-content\/uploads\/sites\/3\/2023\/06\/muholi-brave-beauties-2020-1024x676.jpg"}

In einer vielfältigen Gesellschaft ist Platz für alle. Das bedeutet: Alle können und dürfen sich einbringen und teilnehmen. Vielfalt und eine gerechte Behandlung für alle sind aktuelle gesellschaftliche Themen. www.divers2023.ch zeigt, was das heute bedeutet. Diese Webseite erklärt Begriffe und Konflikte, ohne auf alles eine Antwort zu kennen. Diese Website orientiert sich an den sieben [&hellip;]
